{"id":2744,"date":"2012-10-31T11:57:44","date_gmt":"2012-10-31T11:57:44","guid":{"rendered":"http:\/\/zubacor.com\/zubacor\/?page_id=2744"},"modified":"2015-04-01T10:27:47","modified_gmt":"2015-04-01T10:27:47","slug":"amoladoras","status":"publish","type":"page","link":"https:\/\/zubacor.com\/zubacor\/productos-2\/amoladoras\/","title":{"rendered":"Amoladoras"},"content":{"rendered":"<h4>M\u00e1quinas herramienta<\/h4>\n<h3>Amoladoras<\/h3>\n<p>[wptabs type=\u00bbaccordion\u00bb] [wptabtitle]De mesa mod. BS-4 [\/wptabtitle] [wptabcontent] <a href=\"http:\/\/zubacor.com\/zubacor\/wp-content\/uploads\/2012\/10\/chafladora.jpg\"><img loading=\"lazy\" class=\"  wp-image-3004 aligncenter\" src=\"http:\/\/zubacor.com\/zubacor\/wp-content\/uploads\/2012\/10\/chafladora.jpg\" alt=\"chafladora\" width=\"570\" height=\"402\" srcset=\"https:\/\/zubacor.com\/zubacor\/wp-content\/uploads\/2012\/10\/chafladora.jpg 597w, https:\/\/zubacor.com\/zubacor\/wp-content\/uploads\/2012\/10\/chafladora-300x212.jpg 300w\" sizes=\"(max-width: 570px) 100vw, 570px\" \/><\/a><\/p>\n<ul>\n<li>Reglas de apoyo de 500 mm.<\/li>\n<li>Fresa de di\u00e1metro 60 mm. con 6 plaquitas normalizadas de metal duro<\/li>\n<li>Regulaci\u00f3n del chafl\u00e1n de 0 : 4 mm.<\/li>\n<li>Inclinaci\u00f3n de los chaflanados 30 \u00ba a 45\u00ba<\/li>\n<li>Regulaci\u00f3n horizontal para aprovechamiento de las plaquitas en toda su longitud<\/li>\n<li>Peso de la m\u00e1quina 30 Kgs.<\/li>\n<li>Dimensiones: 500 x 350 x 245 mm<\/li>\n<\/ul>\n<p>[\/wptabcontent] [wptabtitle]Port\u00e1til P-4 [\/wptabtitle] [wptabcontent] <a class=\"lightbox\" title=\"chafladora port\u00e1til P-4\" href=\"http:\/\/zubacor.com\/zubacor\/wp-content\/uploads\/2012\/10\/chafladora_P4.jpg\"><img loading=\"lazy\" class=\"  wp-image-2753 aligncenter\" title=\"chafladora port\u00e1til P-4\" src=\"http:\/\/zubacor.com\/zubacor\/wp-content\/uploads\/2012\/10\/chafladora_P4.jpg\" alt=\"\" width=\"571\" height=\"378\" srcset=\"https:\/\/zubacor.com\/zubacor\/wp-content\/uploads\/2012\/10\/chafladora_P4.jpg 714w, https:\/\/zubacor.com\/zubacor\/wp-content\/uploads\/2012\/10\/chafladora_P4-300x198.jpg 300w\" sizes=\"(max-width: 571px) 100vw, 571px\" \/><\/a><\/p>\n<ul>\n<li>Reglas de apoyo de 500 mm.<\/li>\n<li>Fresa de di\u00e1metro 60 mm. con 6 plaquitas normalizadas de metal duro<\/li>\n<li>Regulaci\u00f3n del chafl\u00e1n de 0 : 4 mm.<\/li>\n<li>Inclinaci\u00f3n de los chaflanados 30 \u00ba a 45\u00ba<\/li>\n<li>Regulaci\u00f3n horizontal para aprovechamiento de las plaquitas en toda su longitud<\/li>\n<li>Peso de la m\u00e1quina 15 Kgs.<\/li>\n<li>Dimensiones: 400 x 230 x 250 mm<\/li>\n<\/ul>\n<p>[\/wptabcontent] [\/wptabs]<\/p>\n","protected":false},"excerpt":{"rendered":"<p>M\u00e1quinas herramienta Amoladoras [wptabs type=\u00bbaccordion\u00bb] [wptabtitle]De mesa mod. BS-4 [\/wptabtitle] [wptabcontent] Reglas de apoyo de 500 mm. Fresa de di\u00e1metro 60 mm. con 6 plaquitas normalizadas de metal duro Regulaci\u00f3n del chafl\u00e1n de 0 : 4 mm. Inclinaci\u00f3n de los chaflanados 30 \u00ba a 45\u00ba Regulaci\u00f3n horizontal para aprovechamiento de las plaquitas en toda su [&hellip;]<\/p>\n","protected":false},"author":1,"featured_media":0,"parent":1970,"menu_order":0,"comment_status":"open","ping_status":"open","template":"contentpage.php","meta":[],"_links":{"self":[{"href":"https:\/\/zubacor.com\/zubacor\/wp-json\/wp\/v2\/pages\/2744"}],"collection":[{"href":"https:\/\/zubacor.com\/zubacor\/wp-json\/wp\/v2\/pages"}],"about":[{"href":"https:\/\/zubacor.com\/zubacor\/wp-json\/wp\/v2\/types\/page"}],"author":[{"embeddable":true,"href":"https:\/\/zubacor.com\/zubacor\/wp-json\/wp\/v2\/users\/1"}],"replies":[{"embeddable":true,"href":"https:\/\/zubacor.com\/zubacor\/wp-json\/wp\/v2\/comments?post=2744"}],"version-history":[{"count":10,"href":"https:\/\/zubacor.com\/zubacor\/wp-json\/wp\/v2\/pages\/2744\/revisions"}],"predecessor-version":[{"id":3006,"href":"https:\/\/zubacor.com\/zubacor\/wp-json\/wp\/v2\/pages\/2744\/revisions\/3006"}],"up":[{"embeddable":true,"href":"https:\/\/zubacor.com\/zubacor\/wp-json\/wp\/v2\/pages\/1970"}],"wp:attachment":[{"href":"https:\/\/zubacor.com\/zubacor\/wp-json\/wp\/v2\/media?parent=2744"}],"curies":[{"name":"wp","href":"https:\/\/api.w.org\/{rel}","templated":true}]}}